{"id":9,"date":"2025-06-24T15:24:17","date_gmt":"2025-06-24T15:24:17","guid":{"rendered":"https:\/\/anvie.art\/?page_id=9"},"modified":"2025-09-13T19:21:14","modified_gmt":"2025-09-13T19:21:14","slug":"uber-mich","status":"publish","type":"page","link":"https:\/\/anvie.art\/","title":{"rendered":"Willkommen"},"content":{"rendered":"\n<h1 class=\"wp-block-heading\">Hallo! Sch\u00f6n, dass du hier bist \ud83d\ude42<\/h1>\n\n\n\n<p class=\"has-medium-font-size\">Dieser Blog ist f\u00fcr alle feinf\u00fchligen Menschen, die sich auf ihrer inneren Reise befinden&#8230;<\/p>\n\n\n\n<p>&#8230;und die sich manchmal verloren f\u00fchlen in diesem oft so kalten und reiz\u00fcberflutenden System.<\/p>\n\n\n\n<p>Dieser Blog soll ein Ort sein, an dem du in meine Welt eintauchen und Inspirationen finden kannst.<\/p>\n\n\n\n<p>Alle Texten stammen aus meinem Herzen (und meinem Kopf) und sind nicht durch eine k\u00fcnstliche Intelligenz bearbeitet.<strong> <\/strong><\/p>\n\n\n\n<p><strong>Von Mensch zu Mensch.<\/strong><\/p>\n\n\n\n<p>Es geht hier vor allem um Themen rund um die <strong>mentale Gesundheit<\/strong>, insbesondere um <strong>Traumaheilung <\/strong>und Erfahrungen, die ich w\u00e4hrend meiner Heilungsreise gemacht habe. Klick <a href=\"https:\/\/anvie.art\/?p=81\" data-type=\"post\" data-id=\"81\">hier<\/a>, wenn du lesen m\u00f6chtest, wie alles bei mir anfing. Ich habe verschiedene Therapieans\u00e4tze ausprobiert, doch ein wichtiges Heilungspotenzial hat f\u00fcr mich die <strong>Musik<\/strong>. Deshalb schau gerne mal auf meinem<a href=\"https:\/\/www.youtube.com\/@_anvie_\"> Youtube Kanal <\/a>vorbei. \ud83d\ude42<\/p>\n\n\n\n<p>Es wird auch um Themen der <strong>Auswanderung<\/strong> gehen, weil ich seit 5 Jahren in Spanien, in Katalonien wohne.<\/p>\n\n\n\n<p>Mehr Infos \u00fcber mich findest du <strong><a href=\"https:\/\/anvie.art\/?page_id=48\" data-type=\"page\" data-id=\"48\">hier.<\/a> <\/strong><\/p>\n\n\n\n<p><\/p>\n\n\n\n<blockquote class=\"wp-block-quote is-layout-flow wp-block-quote-is-layout-flow\">\n<div class=\"wp-block-group is-vertical is-layout-flex wp-container-core-group-is-layout-8cf370e7 wp-block-group-is-layout-flex\">\n<p>Mir gef\u00e4llt der Gedanke, dass das Leben von jedem von uns wie ein gro\u00dfes Kunstwerk ist. <\/p>\n\n\n\n<p>Die Seele ist die K\u00fcnstlerin. &#8211; Anvie &#8211;<\/p>\n<\/div>\n<\/blockquote>\n\n\n\n<p><\/p>\n\n\n\n<p>Ich glaube fest daran, dass es nie zu sp\u00e4t ist, nochmal neu anzufangen. Ich hatte mehrere Neustarts in meinem Leben und jedes mal bin ich mir dadurch einen Schritt n\u00e4her gekommen. Es warten hoffentlich noch viele Neuanf\u00e4nge auf mich. Ich glaube, in jedem von uns m\u00f6chte etwas kreiert oder geboren werden. Lasst uns auf die Suche machen, um herauszufinden, was es ist. \ud83d\ude42<\/p>\n\n\n\n<figure class=\"wp-block-image size-large\"><img loading=\"lazy\" decoding=\"async\" width=\"1024\" height=\"1024\" src=\"https:\/\/anvie.art\/wp-content\/uploads\/2025\/09\/art-of-new-beginnings-1024x1024.jpg\" alt=\"\" class=\"wp-image-408\" srcset=\"https:\/\/anvie.art\/wp-content\/uploads\/2025\/09\/art-of-new-beginnings-1024x1024.jpg 1024w, https:\/\/anvie.art\/wp-content\/uploads\/2025\/09\/art-of-new-beginnings-300x300.jpg 300w, https:\/\/anvie.art\/wp-content\/uploads\/2025\/09\/art-of-new-beginnings-150x150.jpg 150w, https:\/\/anvie.art\/wp-content\/uploads\/2025\/09\/art-of-new-beginnings-768x768.jpg 768w, https:\/\/anvie.art\/wp-content\/uploads\/2025\/09\/art-of-new-beginnings-1536x1536.jpg 1536w, https:\/\/anvie.art\/wp-content\/uploads\/2025\/09\/art-of-new-beginnings-1140x1140.jpg 1140w, https:\/\/anvie.art\/wp-content\/uploads\/2025\/09\/art-of-new-beginnings-75x75.jpg 75w, https:\/\/anvie.art\/wp-content\/uploads\/2025\/09\/art-of-new-beginnings.jpg 2048w\" sizes=\"auto, (max-width: 1024px) 100vw, 1024px\" \/><\/figure>\n\n\n\n<p><\/p>\n","protected":false},"excerpt":{"rendered":"<p>Hallo! Sch\u00f6n, dass du hier bist \ud83d\ude42 Dieser Blog ist f\u00fcr alle feinf\u00fchligen Menschen, die sich auf ihrer inneren Reise befinden&#8230; &#8230;und die sich manchmal verloren f\u00fchlen in diesem oft so kalten und reiz\u00fcberflutenden System. Dieser Blog soll ein Ort sein, an dem du in meine Welt eintauchen und Inspirationen finden kannst. Alle Texten stammen aus meinem Herzen (und meinem Kopf) und sind nicht durch eine k\u00fcnstliche Intelligenz bearbeitet. Von Mensch zu Mensch. Es geht hier vor allem um Themen rund um die mentale Gesundheit, insbesondere um Traumaheilung und Erfahrungen, die ich w\u00e4hrend meiner Heilungsreise gemacht habe. Klick hier, wenn du lesen m\u00f6chtest, wie alles bei mir anfing. Ich habe verschiedene Therapieans\u00e4tze ausprobiert, doch ein wichtiges Heilungspotenzial hat f\u00fcr mich die Musik. Deshalb schau gerne mal auf meinem Youtube Kanal vorbei. \ud83d\ude42 Es wird auch um Themen der Auswanderung gehen, weil ich seit 5 Jahren in Spanien, in Katalonien wohne. Mehr Infos \u00fcber mich findest du hier. Ich glaube fest daran, dass es nie zu sp\u00e4t ist, nochmal neu anzufangen. Ich hatte mehrere Neustarts in meinem Leben und jedes mal bin ich mir dadurch einen Schritt n\u00e4her gekommen. Es warten hoffentlich noch viele Neuanf\u00e4nge auf mich. Ich glaube, in jedem von uns m\u00f6chte etwas kreiert oder geboren werden. Lasst uns auf die Suche machen, um herauszufinden, was es ist. \ud83d\ude42<\/p>\n","protected":false},"author":2,"featured_media":0,"parent":0,"menu_order":0,"comment_status":"closed","ping_status":"closed","template":"","meta":{"footnotes":""},"class_list":["post-9","page","type-page","status-publish","hentry"],"_links":{"self":[{"href":"https:\/\/anvie.art\/index.php?rest_route=\/wp\/v2\/pages\/9","targetHints":{"allow":["GET"]}}],"collection":[{"href":"https:\/\/anvie.art\/index.php?rest_route=\/wp\/v2\/pages"}],"about":[{"href":"https:\/\/anvie.art\/index.php?rest_route=\/wp\/v2\/types\/page"}],"author":[{"embeddable":true,"href":"https:\/\/anvie.art\/index.php?rest_route=\/wp\/v2\/users\/2"}],"replies":[{"embeddable":true,"href":"https:\/\/anvie.art\/index.php?rest_route=%2Fwp%2Fv2%2Fcomments&post=9"}],"version-history":[{"count":5,"href":"https:\/\/anvie.art\/index.php?rest_route=\/wp\/v2\/pages\/9\/revisions"}],"predecessor-version":[{"id":441,"href":"https:\/\/anvie.art\/index.php?rest_route=\/wp\/v2\/pages\/9\/revisions\/441"}],"wp:attachment":[{"href":"https:\/\/anvie.art\/index.php?rest_route=%2Fwp%2Fv2%2Fmedia&parent=9"}],"curies":[{"name":"wp","href":"https:\/\/api.w.org\/{rel}","templated":true}]}}